1
Let x(q) be the third derivative of 0 - 7/60*q**5 - 1/4*q**4 + 0*q + 1/60*q**6 - 35*q**2 - 2/3*q**3. What are the prime factors of x(6)?
2, 5, 7
Suppose -169 = 11*p + 161. Let a(m) = m**2 + 28*m - 56. What are the prime factors of a(p)?
2
Let w be ((-12)/(-8) + 5/(-2))*-503. Let d = -10 + w. List the prime factors of d.
17, 29
Suppose 4*x + 56215 = c, -80*c + 4*x = -81*c + 56279. List the prime factors of c.
3, 18749
Let w = 1 - 4. Let k be (8 + w)/(-10)*-40. List the prime factors of ((-7)/2)/((-2)/k).
5, 7
Let y = -16963 - -24014. List the prime factors of y.
11, 641
Suppose 0 = -80*q - 64132 + 869012. List the prime factors of q.
10061
Let c be 0 - ((-22)/(-33))/(2/(-21)). Suppose -g = -4*t - 2*g + 52, -4 = -g. Suppose -215 = -t*a + c*a. What are the prime factors of a?
43
Suppose 72 = 3*w - 4*w - 3*x, -3*x = 3*w + 192. Let v be (-1)/(10/4) + (-144)/w. Suppose 5*b - v*b + d = 435, -4*d - 450 = -3*b. List the prime factors of b.
2, 73
Let l be 536/3 - 48/72. Let a = -62 + l. Let o = a + -68. List the prime factors of o.
2, 3
Let i be (-16)/7 + (58/7 - 8). What are the prime factors of (i*8)/(-4) - (2 + -403)?
3, 5
Suppose 0 = 117*t - 110*t - 245. Suppose -t*u + 15414 = -14*u. List the prime factors of u.
2, 367
Suppose 193 = 5*a + 3*n, a + 7*n - 2*n - 21 = 0. Suppose -2*h + a = -327. List the prime factors of h.
2, 23
Let v(w) = 5*w**2 - 4*w - 47. Suppose -63 = -18*z + 11*z. List the prime factors of v(z).
2, 7, 23
Let h(x) = -x + 4. Let f be h(-20). Suppose 5*v - f*b = -19*b + 2690, 2*b = -4*v + 2152. What are the prime factors of v?
2, 269
Let d be 32/(-8) - (-250 + -1). Suppose d = z + 4*y, 0*z = 2*z + 2*y - 500. List the prime factors of z.
251
Suppose -b = -5*u - 30, 0 = -3*b - 3*u - 25 + 97. Suppose -5*g = -b, -2*s = -0*s + 5*g - 213. List the prime factors of s.
2, 47
Let t(m) = -m**2 - 3*m + 68. Let v be t(-9). Suppose 3*q = 2*g + 985, -15*q - 4*g = -v*q - 319. What are the prime factors of q?
3, 109
Let t be (-6 + 9)/(6/(-16)). What are the prime factors of (11052/(-24))/(4/t)?
3, 307
Let f = -4226 - -8293. What are the prime factors of f?
7, 83
Let z be ((-554)/9)/(74/(-666)). List the prime factors of z + (-7)/(-1) + -7.
2, 277
Let b = -11 + 16. Let t be (b + 2)*(4 + -76)/(-4). Suppose 4*q = -2*y + 168, y = 4*q - q - t. What are the prime factors of q?
2, 3, 7
Let u = 571 - -783. Let x = u - 752. Suppose 0 = -5*n + v + 598, -4*n - x = -9*n - v. List the prime factors of n.
2, 3, 5
Let k(r) = 34*r - 26. Let u be k(5). Suppose -135*t + u*t = 5004. List the prime factors of t.
2, 139
Let g(h) = 6*h**2 - 11*h - 1. Let c be 4/(12/145) + (-4)/(-6). Let a = 45 - c. What are the prime factors of g(a)?
139
Let p = -5 - -7. Let t be (357/(-28))/(p/(-8)). Let n = -4 + t. What are the prime factors of n?
47
Let i(m) = m**3 - 104*m**2 + 208*m - 183. What are the prime factors of i(104)?
89, 241
What are the prime factors of (-11 - (-146)/14) + 21090/35?
2, 7, 43
Let n be -558*1*-1 - 12/3. Let l = -850 + n. Let s = 426 + l. What are the prime factors of s?
2, 5, 13
Suppose 3*w + 45532 + 129287 = 22*w. What are the prime factors of w?
3, 3067
Let y be 4/3 - 1*(-6)/9. Let h(s) = y*s - 6*s - 31 - 2*s + 39 + s**2. What are the prime factors of h(10)?
2, 3
Suppose -2*d + 234 = -4*j, 0 = 5*d - 5*j - 151 - 439. Let h = d + -125. What are the prime factors of 148 - (h/2)/1?
151
Let x = -17745 - -31445. List the prime factors of x.
2, 5, 137
Let l(g) = 9*g - 3. Let q be l(1). What are the prime factors of q*(-332*3/(-18) + -3)?
2, 157
Suppose -j = -5*u + 42, -2*j + 22 = 4*u + 3*j. Suppose -8*z + 10*z = -u. What are the prime factors of 366*z/(-15) + (-9)/15?
97
Let n(a) = -3*a**2 - 21. Let h be n(-7). Let l be h/(4/1)*1. Let z = l - -56. List the prime factors of z.
2, 7
Let k = 20 - 47. Let j = k - -179. Suppose -q - w + j = -3*w, w + 796 = 5*q. List the prime factors of q.
2, 5
Let s = 155 + -150. Let u(o) = 25*o**2 + 7*o - 11. List the prime factors of u(s).
11, 59
Suppose -112*b + 104*b + 4250 + 24390 = 0. What are the prime factors of b?
2, 5, 179
Suppose 774 = -5*a - 1276. Let b = a - -611. Suppose -42 + b = 3*y. List the prime factors of y.
53
Let w = 74389 + -52559. List the prime factors of w.
2, 5, 37, 59
Suppose -g + 4*u = -3*g - 6, -3*g - 2*u + 3 = 0. Suppose 2*i = g*p - 690, 2*p - 4*i + 0*i = 460. What are the prime factors of p?
2, 5, 23
Let c be (0 + 3 + 94)*1. Let i = c + -81. List the prime factors of 799/4 + 4/i.
2, 5
Let g(q) = q**3 - q**2 - 22*q + 37. Let w be (15 - (1 + 9)) + -1 + 5. List the prime factors of g(w).
487
Suppose 0 = 4*x - 7*x + 405. Let w = x - 65. Suppose 13 = h - w. What are the prime factors of h?
83
Suppose 28*a - 48*a - 43210 = -25*a. List the prime factors of a.
2, 29, 149
Let k be 5634/117 + (-2)/13. Let w be 2384/k*(3 - 0). Suppose -t = f - 109 - 32, 3*f = t - w. What are the prime factors of t?
11, 13
Let d be -1 + -2 - (53 + 2). Let m = d - -62. Suppose -m*i + 3*g = 6*g - 671, -4*g - 163 = -i. What are the prime factors of i?
167
Let g(f) = -2*f**3 + 14*f + 9528. What are the prime factors of g(0)?
2, 3, 397
Let s(b) = 6*b**3 + 3*b**2 - 5*b - 3. Let z be s(-3). Let o = z - -126. Suppose j + o*r = 146, j + j - 5*r = 325. List the prime factors of j.
5, 31
Suppose 8*g = -4330 + 962. Let a = 854 + g. List the prime factors of a.
433
Let v be (6/(-4))/(9*(-7)/(-207102)). List the prime factors of 4/24 + 4/(-24)*v.
2, 3, 137
Suppose -3*o + 888 + 2340 = 0. Let f = o - 392. List the prime factors of f.
2, 3, 19
Let s(q) = 5*q + 8*q + 3*q**2 + 9 - 2*q**2 - 8*q. Let t be s(-5). List the prime factors of 77/((4/(-2))/((-36)/t)).
2, 7, 11
Suppose 8*y = 9*y - 1742. Let m = -1020 + y. What are the prime factors of m?
2, 19
Let i be (-4)/(6/(-10) + (-93)/465). Let o = -1 + 6. Suppose -o*n + 835 = -5*a, i*a = -3*n + a + 466. List the prime factors of n.
2, 3
Let t(i) = 2*i**3 + 10*i**2 + 6*i + 11. Let y be t(-6). Let v = -107 - y. Let l(k) = -8*k - 39. List the prime factors of l(v).
41
List the prime factors of (-10776)/36*(-5 - (-23)/(-2)).
11, 449
Let j(l) = 6*l**2 + 340*l + 5. List the prime factors of j(28).
3, 17, 31
Let o(v) = -8*v - 3. Let h be o(-2). Let i(y) = y + 3*y**2 - 8 + 15 - h. List the prime factors of i(-5).
2
Let x(r) = 21*r**2 + 7*r + 40730. What are the prime factors of x(0)?
2, 5, 4073
What are the prime factors of 243154/6 + (-5236)/(-2244)?
2, 17, 149
Let d(n) = -6*n - 68. Let t be d(-9). Let l(b) = 2*b**2 + 8*b + 5. What are the prime factors of l(t)?
3, 5, 19
Let q(m) = m**2 - 1. Let i(r) = 2*r**2 - 5*r - 8. Let s(u) = -2*i(u) + 6*q(u). Let x be s(-4). Suppose 0 = -0*d - x*d + 34. What are the prime factors of d?
17
Let f be (-21)/2 + (-6)/12. Let c(p) = 10*p + 36. Let b be c(f). Let m = 125 + b. What are the prime factors of m?
3, 17
Suppose 0*w - 3*w = -p - 1338, 4*w + p = 1784. Let h = 915 - w. Suppose 0 = 3*n - h - 203. What are the prime factors of n?
2, 7
Suppose 22*i + 212689 = 676009. What are the prime factors of i?
2, 3, 5, 13
Let j = -33 + 33. Let z(d) = 8 + 4*d + j*d - 43. What are the prime factors of z(14)?
3, 7
Let r(m) = -11*m + 24. Let z be r(-4). Let j = z - 145. Let d = j + 147. List the prime factors of d.
2, 5, 7
Let b = 660 + 2842. Suppose -12615 = -13*g - b. List the prime factors of g.
701
What are the prime factors of (-241111)/(-117) + -10 - 6/(-27)?
7, 293
Let t(z) = 33*z**2 + 130*z + 2387. List the prime factors of t(-16).
5, 17, 103
Let z(v) = -v**3 - 5*v**2 - 6*v + 10. Let m be z(-5). Suppose -9*f + m = 11*f. What are the prime factors of f?
2
Suppose 2*o + 3*v + 76 = 157, -2*o + 76 = 4*v. Let k(m) = -m**3 + 2*m**2 + 5*m + 7. Let f be k(5). Let l = f + o. What are the prime factors of l?
5
Suppose 0 = -5*y - 3*v + 3679 + 1841, 3298 = 3*y - v. Let l = y - 675. List the prime factors of l.
2, 3, 71
Suppose 0 = -0*t - 181*t - 14*t + 1375140. List the prime factors of t.
2, 41, 43
Let m = 636 + -181. Suppose -4*a - 110 = -f, 42*a - 43*a - m = -5*f. What are the prime factors of f?
2, 3, 5
Let g(t) = 768*t**2 + 179*t - 749. List the prime factors of g(4).
3, 5, 19, 43
Suppose -2*a + 83 - 11 = 0. Let q = 65 - a. Let x = q + -25. What are the prime factors of x?
2
Let y(z) = 2 - 2 + z**2 + 4 - 2 - 8*z. Let f be y(8). What are the prime factors of (f - -4) + -4 - -37?